{"version":"1.0","provider_name":"CasaDes\u00fas - Furniture Design Barcelona","provider_url":"https:\/\/www.casadesus.net\/es\/","author_name":"yourzed","author_url":"https:\/\/www.casadesus.net\/es\/author\/yourzed\/","title":"Ximo Roca - CasaDes\u00fas - Furniture Design Barcelona","type":"rich","width":600,"height":338,"html":"<blockquote class=\"wp-embedded-content\" data-secret=\"CfiLH3lmFh\"><a href=\"https:\/\/www.casadesus.net\/es\/disenadores\/ximo-roca\/\">Ximo Roca<\/a><\/blockquote><iframe sandbox=\"allow-scripts\" security=\"restricted\" src=\"https:\/\/www.casadesus.net\/es\/disenadores\/ximo-roca\/embed\/#?secret=CfiLH3lmFh\" width=\"600\" height=\"338\" title=\"\u00abXimo Roca\u00bb \u2014 CasaDes\u00fas - Furniture Design Barcelona\" data-secret=\"CfiLH3lmFh\" frameborder=\"0\" marginwidth=\"0\" marginheight=\"0\" scrolling=\"no\" class=\"wp-embedded-content\"><\/iframe><script>\n\/*! This file is auto-generated *\/\n!function(d,l){\"use strict\";l.querySelector&&d.addEventListener&&\"undefined\"!=typeof URL&&(d.wp=d.wp||{},d.wp.receiveEmbedMessage||(d.wp.receiveEmbedMessage=function(e){var t=e.data;if((t||t.secret||t.message||t.value)&&!\/[^a-zA-Z0-9]\/.test(t.secret)){for(var s,r,n,a=l.querySelectorAll('iframe[data-secret=\"'+t.secret+'\"]'),o=l.querySelectorAll('blockquote[data-secret=\"'+t.secret+'\"]'),c=new RegExp(\"^https?:$\",\"i\"),i=0;i<o.length;i++)o[i].style.display=\"none\";for(i=0;i<a.length;i++)s=a[i],e.source===s.contentWindow&&(s.removeAttribute(\"style\"),\"height\"===t.message?(1e3<(r=parseInt(t.value,10))?r=1e3:~~r<200&&(r=200),s.height=r):\"link\"===t.message&&(r=new URL(s.getAttribute(\"src\")),n=new URL(t.value),c.test(n.protocol))&&n.host===r.host&&l.activeElement===s&&(d.top.location.href=t.value))}},d.addEventListener(\"message\",d.wp.receiveEmbedMessage,!1),l.addEventListener(\"DOMContentLoaded\",function(){for(var e,t,s=l.querySelectorAll(\"iframe.wp-embedded-content\"),r=0;r<s.length;r++)(t=(e=s[r]).getAttribute(\"data-secret\"))||(t=Math.random().toString(36).substring(2,12),e.src+=\"#?secret=\"+t,e.setAttribute(\"data-secret\",t)),e.contentWindow.postMessage({message:\"ready\",secret:t},\"*\")},!1)))}(window,document);\n\/\/# sourceURL=https:\/\/www.casadesus.net\/wp-includes\/js\/wp-embed.min.js\n<\/script>\n","thumbnail_url":"https:\/\/www.casadesus.net\/wp-content\/uploads\/2025\/02\/Ximo.jpg","thumbnail_width":605,"thumbnail_height":490,"description":"Miembro de ADCV (Asociaci\u00f3n de Dise\u00f1adores de la Comunidad Valenciana), BEDA ( The Bureau of European Design Associations) y ADP (Asociaci\u00f3n de Dissenyadors Professionals). Profesor de la Escuela de Dise\u00f1o de la Universidad \u201cCardenal Herrera\u201d CEU. Como dise\u00f1ador profesional, dirige el Departamento de Dise\u00f1o de varias empresas de renombre. En 1989, crea su propio estudio [&hellip;]"}

CasaDesús - Furniture Design Barcelona

Ximo Roca - CasaDesús - Furniture Design Barcelona

<blockquote class="wp-embedded-content" data-secret="CfiLH3lmFh"><a href="https://www.casadesus.net/es/disenadores/ximo-roca/">Ximo Roca</a></blockquote><iframe sandbox="allow-scripts" security="restricted" src="https://www.casadesus.net/es/disenadores/ximo-roca/embed/#?secret=CfiLH3lmFh" width="600" height="338" title="«Ximo Roca» — CasaDesús - Furniture Design Barcelona" data-secret="CfiLH3lmFh" frameborder="0" marginwidth="0" marginheight="0" scrolling="no" class="wp-embedded-content"></iframe><script>
/*! This file is auto-generated */
!function(d,l){"use strict";l.querySelector&&d.addEventListener&&"undefined"!=typeof URL&&(d.wp=d.wp||{},d.wp.receiveEmbedMessage||(d.wp.receiveEmbedMessage=function(e){var t=e.data;if((t||t.secret||t.message||t.value)&&!/[^a-zA-Z0-9]/.test(t.secret)){for(var s,r,n,a=l.querySelectorAll('iframe[data-secret="'+t.secret+'"]'),o=l.querySelectorAll('blockquote[data-secret="'+t.secret+'"]'),c=new RegExp("^https?:$","i"),i=0;i<o.length;i++)o[i].style.display="none";for(i=0;i<a.length;i++)s=a[i],e.source===s.contentWindow&&(s.removeAttribute("style"),"height"===t.message?(1e3<(r=parseInt(t.value,10))?r=1e3:~~r<200&&(r=200),s.height=r):"link"===t.message&&(r=new URL(s.getAttribute("src")),n=new URL(t.value),c.test(n.protocol))&&n.host===r.host&&l.activeElement===s&&(d.top.location.href=t.value))}},d.addEventListener("message",d.wp.receiveEmbedMessage,!1),l.addEventListener("DOMContentLoaded",function(){for(var e,t,s=l.querySelectorAll("iframe.wp-embedded-content"),r=0;r<s.length;r++)(t=(e=s[r]).getAttribute("data-secret"))||(t=Math.random().toString(36).substring(2,12),e.src+="#?secret="+t,e.setAttribute("data-secret",t)),e.contentWindow.postMessage({message:"ready",secret:t},"*")},!1)))}(window,document);
//# sourceURL=https://www.casadesus.net/wp-includes/js/wp-embed.min.js
</script>

Miembro de ADCV (Asociación de Diseñadores de la Comunidad Valenciana), BEDA ( The Bureau of European Design Associations) y ADP (Asociación de Dissenyadors Professionals). Profesor de la Escuela de Diseño de la Universidad “Cardenal Herrera” CEU. Como diseñador profesional, dirige el Departamento de Diseño de varias empresas de renombre. En 1989, crea su propio estudio [&hellip;]
