{"id":7665,"date":"2024-11-11T15:33:42","date_gmt":"2024-11-11T14:33:42","guid":{"rendered":"https:\/\/www.casadesus.net\/disenadores\/ximo-roca\/"},"modified":"2024-11-11T15:33:42","modified_gmt":"2024-11-11T14:33:42","slug":"ximo-roca","status":"publish","type":"page","link":"https:\/\/www.casadesus.net\/es\/disenadores\/ximo-roca\/","title":{"rendered":"Ximo Roca"},"content":{"rendered":"<p>Miembro de ADCV (Asociaci\u00f3n de Dise\u00f1adores de la Comunidad Valenciana), BEDA ( The Bureau of European Design Associations) y ADP (Asociaci\u00f3n de Dissenyadors Professionals). Profesor de la Escuela de Dise\u00f1o de la Universidad \u201cCardenal Herrera\u201d CEU. <\/p>\n<p>Como dise\u00f1ador profesional, dirige el Departamento de Dise\u00f1o de varias empresas de renombre. En 1989, crea su propio estudio de dise\u00f1o, Ximo Roca Design. Ofrece servicios globales de dise\u00f1o, gesti\u00f3n, dise\u00f1o de producto, dise\u00f1o de l\u00edneas y dise\u00f1o de interiores para arquitectura de luz. Sus obras se han publicado en las revistas y libros de dise\u00f1o m\u00e1s importantes, tanto nacionales como internacionales.   <\/p>\n","protected":false},"excerpt":{"rendered":"<p>Miembro de ADCV (Asociaci\u00f3n de Dise\u00f1adores de la Comunidad Valenciana), BEDA ( The Bureau of European Design Associations) y ADP (Asociaci\u00f3n de Dissenyadors Professionals). Profesor de la Escuela de Dise\u00f1o de la Universidad \u201cCardenal Herrera\u201d CEU. Como dise\u00f1ador profesional, dirige el Departamento de Dise\u00f1o de varias empresas de renombre. En 1989, crea su propio estudio [&hellip;]<\/p>\n","protected":false},"author":1,"featured_media":919,"parent":7653,"menu_order":0,"comment_status":"closed","ping_status":"closed","template":"","meta":{"_acf_changed":false,"footnotes":""},"class_list":["post-7665","page","type-page","status-publish","has-post-thumbnail","hentry"],"acf":[],"yoast_head":"<!-- This site is optimized with the Yoast SEO plugin v26.9 - https:\/\/yoast.com\/product\/yoast-seo-wordpress\/ -->\n<title>Ximo Roca - CasaDes\u00fas - Furniture Design Barcelona<\/title>\n<meta name=\"robots\" content=\"index, follow, max-snippet:-1, max-image-preview:large, max-video-preview:-1\" \/>\n<link rel=\"canonical\" href=\"https:\/\/www.casadesus.net\/es\/disenadores\/ximo-roca\/\" \/>\n<meta property=\"og:locale\" content=\"es_ES\" \/>\n<meta property=\"og:type\" content=\"article\" \/>\n<meta property=\"og:title\" content=\"Ximo Roca - CasaDes\u00fas - Furniture Design Barcelona\" \/>\n<meta property=\"og:description\" content=\"Miembro de ADCV (Asociaci\u00f3n de Dise\u00f1adores de la Comunidad Valenciana), BEDA ( The Bureau of European Design Associations) y ADP (Asociaci\u00f3n de Dissenyadors Professionals). Profesor de la Escuela de Dise\u00f1o de la Universidad \u201cCardenal Herrera\u201d CEU. Como dise\u00f1ador profesional, dirige el Departamento de Dise\u00f1o de varias empresas de renombre. En 1989, crea su propio estudio [&hellip;]\" \/>\n<meta property=\"og:url\" content=\"https:\/\/www.casadesus.net\/es\/disenadores\/ximo-roca\/\" \/>\n<meta property=\"og:site_name\" content=\"CasaDes\u00fas - Furniture Design Barcelona\" \/>\n<meta property=\"og:image\" content=\"https:\/\/www.casadesus.net\/wp-content\/uploads\/2025\/02\/Ximo.jpg\" \/>\n\t<meta property=\"og:image:width\" content=\"605\" \/>\n\t<meta property=\"og:image:height\" content=\"490\" \/>\n\t<meta property=\"og:image:type\" content=\"image\/jpeg\" \/>\n<meta name=\"twitter:card\" content=\"summary_large_image\" \/>\n<script type=\"application\/ld+json\" class=\"yoast-schema-graph\">{\"@context\":\"https:\/\/schema.org\",\"@graph\":[{\"@type\":\"WebPage\",\"@id\":\"https:\/\/www.casadesus.net\/es\/disenadores\/ximo-roca\/\",\"url\":\"https:\/\/www.casadesus.net\/es\/disenadores\/ximo-roca\/\",\"name\":\"Ximo Roca - CasaDes\u00fas - Furniture Design Barcelona\",\"isPartOf\":{\"@id\":\"https:\/\/www.casadesus.net\/es\/#website\"},\"primaryImageOfPage\":{\"@id\":\"https:\/\/www.casadesus.net\/es\/disenadores\/ximo-roca\/#primaryimage\"},\"image\":{\"@id\":\"https:\/\/www.casadesus.net\/es\/disenadores\/ximo-roca\/#primaryimage\"},\"thumbnailUrl\":\"https:\/\/www.casadesus.net\/wp-content\/uploads\/2025\/02\/Ximo.jpg\",\"datePublished\":\"2024-11-11T14:33:42+00:00\",\"breadcrumb\":{\"@id\":\"https:\/\/www.casadesus.net\/es\/disenadores\/ximo-roca\/#breadcrumb\"},\"inLanguage\":\"es\",\"potentialAction\":[{\"@type\":\"ReadAction\",\"target\":[\"https:\/\/www.casadesus.net\/es\/disenadores\/ximo-roca\/\"]}]},{\"@type\":\"ImageObject\",\"inLanguage\":\"es\",\"@id\":\"https:\/\/www.casadesus.net\/es\/disenadores\/ximo-roca\/#primaryimage\",\"url\":\"https:\/\/www.casadesus.net\/wp-content\/uploads\/2025\/02\/Ximo.jpg\",\"contentUrl\":\"https:\/\/www.casadesus.net\/wp-content\/uploads\/2025\/02\/Ximo.jpg\",\"width\":605,\"height\":490},{\"@type\":\"BreadcrumbList\",\"@id\":\"https:\/\/www.casadesus.net\/es\/disenadores\/ximo-roca\/#breadcrumb\",\"itemListElement\":[{\"@type\":\"ListItem\",\"position\":1,\"name\":\"Home\",\"item\":\"https:\/\/www.casadesus.net\/es\/home\/\"},{\"@type\":\"ListItem\",\"position\":2,\"name\":\"Dise\u00f1adores\",\"item\":\"https:\/\/www.casadesus.net\/es\/disenadores\/\"},{\"@type\":\"ListItem\",\"position\":3,\"name\":\"Ximo Roca\"}]},{\"@type\":\"WebSite\",\"@id\":\"https:\/\/www.casadesus.net\/es\/#website\",\"url\":\"https:\/\/www.casadesus.net\/es\/\",\"name\":\"CasaDes\u00fas - Furniture Design Barcelona\",\"description\":\"Dise\u00f1o, fabricaci\u00f3n y comercializaci\u00f3n de sof\u00e1s, sillones y m\u00e1s recientemente mobiliario en general\",\"publisher\":{\"@id\":\"https:\/\/www.casadesus.net\/es\/#organization\"},\"potentialAction\":[{\"@type\":\"SearchAction\",\"target\":{\"@type\":\"EntryPoint\",\"urlTemplate\":\"https:\/\/www.casadesus.net\/es\/?s={search_term_string}\"},\"query-input\":{\"@type\":\"PropertyValueSpecification\",\"valueRequired\":true,\"valueName\":\"search_term_string\"}}],\"inLanguage\":\"es\"},{\"@type\":\"Organization\",\"@id\":\"https:\/\/www.casadesus.net\/es\/#organization\",\"name\":\"CasaDes\u00fas - Furniture Design Barcelona\",\"url\":\"https:\/\/www.casadesus.net\/es\/\",\"logo\":{\"@type\":\"ImageObject\",\"inLanguage\":\"es\",\"@id\":\"https:\/\/www.casadesus.net\/es\/#\/schema\/logo\/image\/\",\"url\":\"https:\/\/www.casadesus.net\/wp-content\/uploads\/2024\/11\/logo_casadesus_white.jpg\",\"contentUrl\":\"https:\/\/www.casadesus.net\/wp-content\/uploads\/2024\/11\/logo_casadesus_white.jpg\",\"width\":866,\"height\":99,\"caption\":\"CasaDes\u00fas - Furniture Design Barcelona\"},\"image\":{\"@id\":\"https:\/\/www.casadesus.net\/es\/#\/schema\/logo\/image\/\"}}]}<\/script>\n<!-- \/ Yoast SEO plugin. -->","yoast_head_json":{"title":"Ximo Roca - CasaDes\u00fas - Furniture Design Barcelona","robots":{"index":"index","follow":"follow","max-snippet":"max-snippet:-1","max-image-preview":"max-image-preview:large","max-video-preview":"max-video-preview:-1"},"canonical":"https:\/\/www.casadesus.net\/es\/disenadores\/ximo-roca\/","og_locale":"es_ES","og_type":"article","og_title":"Ximo Roca - CasaDes\u00fas - Furniture Design Barcelona","og_description":"Miembro de ADCV (Asociaci\u00f3n de Dise\u00f1adores de la Comunidad Valenciana), BEDA ( The Bureau of European Design Associations) y ADP (Asociaci\u00f3n de Dissenyadors Professionals). Profesor de la Escuela de Dise\u00f1o de la Universidad \u201cCardenal Herrera\u201d CEU. Como dise\u00f1ador profesional, dirige el Departamento de Dise\u00f1o de varias empresas de renombre. En 1989, crea su propio estudio [&hellip;]","og_url":"https:\/\/www.casadesus.net\/es\/disenadores\/ximo-roca\/","og_site_name":"CasaDes\u00fas - Furniture Design Barcelona","og_image":[{"width":605,"height":490,"url":"https:\/\/www.casadesus.net\/wp-content\/uploads\/2025\/02\/Ximo.jpg","type":"image\/jpeg"}],"twitter_card":"summary_large_image","schema":{"@context":"https:\/\/schema.org","@graph":[{"@type":"WebPage","@id":"https:\/\/www.casadesus.net\/es\/disenadores\/ximo-roca\/","url":"https:\/\/www.casadesus.net\/es\/disenadores\/ximo-roca\/","name":"Ximo Roca - CasaDes\u00fas - Furniture Design Barcelona","isPartOf":{"@id":"https:\/\/www.casadesus.net\/es\/#website"},"primaryImageOfPage":{"@id":"https:\/\/www.casadesus.net\/es\/disenadores\/ximo-roca\/#primaryimage"},"image":{"@id":"https:\/\/www.casadesus.net\/es\/disenadores\/ximo-roca\/#primaryimage"},"thumbnailUrl":"https:\/\/www.casadesus.net\/wp-content\/uploads\/2025\/02\/Ximo.jpg","datePublished":"2024-11-11T14:33:42+00:00","breadcrumb":{"@id":"https:\/\/www.casadesus.net\/es\/disenadores\/ximo-roca\/#breadcrumb"},"inLanguage":"es","potentialAction":[{"@type":"ReadAction","target":["https:\/\/www.casadesus.net\/es\/disenadores\/ximo-roca\/"]}]},{"@type":"ImageObject","inLanguage":"es","@id":"https:\/\/www.casadesus.net\/es\/disenadores\/ximo-roca\/#primaryimage","url":"https:\/\/www.casadesus.net\/wp-content\/uploads\/2025\/02\/Ximo.jpg","contentUrl":"https:\/\/www.casadesus.net\/wp-content\/uploads\/2025\/02\/Ximo.jpg","width":605,"height":490},{"@type":"BreadcrumbList","@id":"https:\/\/www.casadesus.net\/es\/disenadores\/ximo-roca\/#breadcrumb","itemListElement":[{"@type":"ListItem","position":1,"name":"Home","item":"https:\/\/www.casadesus.net\/es\/home\/"},{"@type":"ListItem","position":2,"name":"Dise\u00f1adores","item":"https:\/\/www.casadesus.net\/es\/disenadores\/"},{"@type":"ListItem","position":3,"name":"Ximo Roca"}]},{"@type":"WebSite","@id":"https:\/\/www.casadesus.net\/es\/#website","url":"https:\/\/www.casadesus.net\/es\/","name":"CasaDes\u00fas - Furniture Design Barcelona","description":"Dise\u00f1o, fabricaci\u00f3n y comercializaci\u00f3n de sof\u00e1s, sillones y m\u00e1s recientemente mobiliario en general","publisher":{"@id":"https:\/\/www.casadesus.net\/es\/#organization"},"potentialAction":[{"@type":"SearchAction","target":{"@type":"EntryPoint","urlTemplate":"https:\/\/www.casadesus.net\/es\/?s={search_term_string}"},"query-input":{"@type":"PropertyValueSpecification","valueRequired":true,"valueName":"search_term_string"}}],"inLanguage":"es"},{"@type":"Organization","@id":"https:\/\/www.casadesus.net\/es\/#organization","name":"CasaDes\u00fas - Furniture Design Barcelona","url":"https:\/\/www.casadesus.net\/es\/","logo":{"@type":"ImageObject","inLanguage":"es","@id":"https:\/\/www.casadesus.net\/es\/#\/schema\/logo\/image\/","url":"https:\/\/www.casadesus.net\/wp-content\/uploads\/2024\/11\/logo_casadesus_white.jpg","contentUrl":"https:\/\/www.casadesus.net\/wp-content\/uploads\/2024\/11\/logo_casadesus_white.jpg","width":866,"height":99,"caption":"CasaDes\u00fas - Furniture Design Barcelona"},"image":{"@id":"https:\/\/www.casadesus.net\/es\/#\/schema\/logo\/image\/"}}]}},"_links":{"self":[{"href":"https:\/\/www.casadesus.net\/es\/wp-json\/wp\/v2\/pages\/7665","targetHints":{"allow":["GET"]}}],"collection":[{"href":"https:\/\/www.casadesus.net\/es\/wp-json\/wp\/v2\/pages"}],"about":[{"href":"https:\/\/www.casadesus.net\/es\/wp-json\/wp\/v2\/types\/page"}],"author":[{"embeddable":true,"href":"https:\/\/www.casadesus.net\/es\/wp-json\/wp\/v2\/users\/1"}],"replies":[{"embeddable":true,"href":"https:\/\/www.casadesus.net\/es\/wp-json\/wp\/v2\/comments?post=7665"}],"version-history":[{"count":0,"href":"https:\/\/www.casadesus.net\/es\/wp-json\/wp\/v2\/pages\/7665\/revisions"}],"up":[{"embeddable":true,"href":"https:\/\/www.casadesus.net\/es\/wp-json\/wp\/v2\/pages\/7653"}],"wp:featuredmedia":[{"embeddable":true,"href":"https:\/\/www.casadesus.net\/es\/wp-json\/wp\/v2\/media\/919"}],"wp:attachment":[{"href":"https:\/\/www.casadesus.net\/es\/wp-json\/wp\/v2\/media?parent=7665"}],"curies":[{"name":"wp","href":"https:\/\/api.w.org\/{rel}","templated":true}]}}

<p>Miembro de ADCV (Asociación de Diseñadores de la Comunidad Valenciana), BEDA ( The Bureau of European Design Associations) y ADP (Asociación de Dissenyadors Professionals). Profesor de la Escuela de Diseño de la Universidad “Cardenal Herrera” CEU. </p>
<p>Como diseñador profesional, dirige el Departamento de Diseño de varias empresas de renombre. En 1989, crea su propio estudio de diseño, Ximo Roca Design. Ofrece servicios globales de diseño, gestión, diseño de producto, diseño de líneas y diseño de interiores para arquitectura de luz. Sus obras se han publicado en las revistas y libros de diseño más importantes, tanto nacionales como internacionales.   </p>

<p>Miembro de ADCV (Asociación de Diseñadores de la Comunidad Valenciana), BEDA ( The Bureau of European Design Associations) y ADP (Asociación de Dissenyadors Professionals). Profesor de la Escuela de Diseño de la Universidad “Cardenal Herrera” CEU. Como diseñador profesional, dirige el Departamento de Diseño de varias empresas de renombre. En 1989, crea su propio estudio [&hellip;]</p>

<!-- This site is optimized with the Yoast SEO plugin v26.9 - https://yoast.com/product/yoast-seo-wordpress/ -->
<title>Ximo Roca - CasaDesús - Furniture Design Barcelona</title>
<meta name="robots" content="index, follow, max-snippet:-1, max-image-preview:large, max-video-preview:-1" />
<link rel="canonical" href="https://www.casadesus.net/es/disenadores/ximo-roca/" />
<meta property="og:locale" content="es_ES" />
<meta property="og:type" content="article" />
<meta property="og:title" content="Ximo Roca - CasaDesús - Furniture Design Barcelona" />
<meta property="og:description" content="Miembro de ADCV (Asociación de Diseñadores de la Comunidad Valenciana), BEDA ( The Bureau of European Design Associations) y ADP (Asociación de Dissenyadors Professionals). Profesor de la Escuela de Diseño de la Universidad “Cardenal Herrera” CEU. Como diseñador profesional, dirige el Departamento de Diseño de varias empresas de renombre. En 1989, crea su propio estudio [&hellip;]" />
<meta property="og:url" content="https://www.casadesus.net/es/disenadores/ximo-roca/" />
<meta property="og:site_name" content="CasaDesús - Furniture Design Barcelona" />
<meta property="og:image" content="https://www.casadesus.net/wp-content/uploads/2025/02/Ximo.jpg" />
	<meta property="og:image:width" content="605" />
	<meta property="og:image:height" content="490" />
	<meta property="og:image:type" content="image/jpeg" />
<meta name="twitter:card" content="summary_large_image" />
<script type="application/ld+json" class="yoast-schema-graph">{"@context":"https://schema.org","@graph":[{"@type":"WebPage","@id":"https://www.casadesus.net/es/disenadores/ximo-roca/","url":"https://www.casadesus.net/es/disenadores/ximo-roca/","name":"Ximo Roca - CasaDesús - Furniture Design Barcelona","isPartOf":{"@id":"https://www.casadesus.net/es/#website"},"primaryImageOfPage":{"@id":"https://www.casadesus.net/es/disenadores/ximo-roca/#primaryimage"},"image":{"@id":"https://www.casadesus.net/es/disenadores/ximo-roca/#primaryimage"},"thumbnailUrl":"https://www.casadesus.net/wp-content/uploads/2025/02/Ximo.jpg","datePublished":"2024-11-11T14:33:42+00:00","breadcrumb":{"@id":"https://www.casadesus.net/es/disenadores/ximo-roca/#breadcrumb"},"inLanguage":"es","potentialAction":[{"@type":"ReadAction","target":["https://www.casadesus.net/es/disenadores/ximo-roca/"]}]},{"@type":"ImageObject","inLanguage":"es","@id":"https://www.casadesus.net/es/disenadores/ximo-roca/#primaryimage","url":"https://www.casadesus.net/wp-content/uploads/2025/02/Ximo.jpg","contentUrl":"https://www.casadesus.net/wp-content/uploads/2025/02/Ximo.jpg","width":605,"height":490},{"@type":"BreadcrumbList","@id":"https://www.casadesus.net/es/disenadores/ximo-roca/#breadcrumb","itemListElement":[{"@type":"ListItem","position":1,"name":"Home","item":"https://www.casadesus.net/es/home/"},{"@type":"ListItem","position":2,"name":"Diseñadores","item":"https://www.casadesus.net/es/disenadores/"},{"@type":"ListItem","position":3,"name":"Ximo Roca"}]},{"@type":"WebSite","@id":"https://www.casadesus.net/es/#website","url":"https://www.casadesus.net/es/","name":"CasaDesús - Furniture Design Barcelona","description":"Diseño, fabricación y comercialización de sofás, sillones y más recientemente mobiliario en general","publisher":{"@id":"https://www.casadesus.net/es/#organization"},"potentialAction":[{"@type":"SearchAction","target":{"@type":"EntryPoint","urlTemplate":"https://www.casadesus.net/es/?s={search_term_string}"},"query-input":{"@type":"PropertyValueSpecification","valueRequired":true,"valueName":"search_term_string"}}],"inLanguage":"es"},{"@type":"Organization","@id":"https://www.casadesus.net/es/#organization","name":"CasaDesús - Furniture Design Barcelona","url":"https://www.casadesus.net/es/","logo":{"@type":"ImageObject","inLanguage":"es","@id":"https://www.casadesus.net/es/#/schema/logo/image/","url":"https://www.casadesus.net/wp-content/uploads/2024/11/logo_casadesus_white.jpg","contentUrl":"https://www.casadesus.net/wp-content/uploads/2024/11/logo_casadesus_white.jpg","width":866,"height":99,"caption":"CasaDesús - Furniture Design Barcelona"},"image":{"@id":"https://www.casadesus.net/es/#/schema/logo/image/"}}]}</script>
<!-- / Yoast SEO plugin. -->

Ximo Roca - CasaDesús - Furniture Design Barcelona

Miembro de ADCV (Asociación de Diseñadores de la Comunidad Valenciana), BEDA ( The Bureau of European Design Associations) y ADP (Asociación de Dissenyadors Professionals). Profesor de la Escuela de Diseño de la Universidad “Cardenal Herrera” CEU. Como diseñador profesional, dirige el Departamento de Diseño de varias empresas de renombre. En 1989, crea su propio estudio [&hellip;]

CasaDesús - Furniture Design Barcelona

Diseñadores

Diseño, fabricación y comercialización de sofás, sillones y más recientemente mobiliario en general
