{"id":7735,"date":"2021-05-09T17:11:09","date_gmt":"2021-05-09T15:11:09","guid":{"rendered":"https:\/\/www.casadesus.net\/shop\/sin%20categor\u00eda\/erin\/"},"modified":"2026-01-28T18:10:56","modified_gmt":"2026-01-28T17:10:56","slug":"erin","status":"publish","type":"product","link":"https:\/\/www.casadesus.net\/es\/shop\/camas\/erin\/","title":{"rendered":"Erin"},"content":{"rendered":"<p>Erin se concibe como una cama de l\u00edneas puras y rectas, sin ning\u00fan tipo de solidificaci\u00f3n o de elementos superfluos. \u00danicamente presenta el detalle de cosido vertical en el centro del cabezal que le da fuerza y riqueza a su identidad. La delgadez del cabezal as\u00ed como del aro de la misma permite adaptarla a los espacios m\u00e1s reducidos donde ciertas dimensiones son limitadas. La colecci\u00f3n consta de dos versiones, una totalmente tapizada en el mismo material y otra que permite coordinar cualquier tejido con cualquier color de imitaci\u00f3n piel en la faja exterior.<br \/>Sus elegantes patas la le confieren un marcado car\u00e1cter liviano que no hace m\u00e1s que reforzar su pulido car\u00e1cter. As\u00ed mismo, Erin presenta un cabezal de altura superior a un metro, ello permite incluso la colocaci\u00f3n de colchones de espesor superior a treinta cent\u00edmetros     <\/p>\n","protected":false},"excerpt":{"rendered":"<p>Erin se concibe como una cama de l\u00edneas puras y rectas, sin ning\u00fan tipo de solidificaci\u00f3n o de elementos superfluos. \u00danicamente presenta el detalle de cosido vertical en el centro del cabezal que le da fuerza y riqueza a su identidad. La delgadez del cabezal as\u00ed como del aro de la misma permite adaptarla a [&hellip;]<\/p>\n","protected":false},"featured_media":4650,"template":"","meta":{"_acf_changed":false},"product_brand":[],"product_cat":[251],"product_tag":[],"class_list":{"0":"post-7735","1":"product","2":"type-product","3":"status-publish","4":"has-post-thumbnail","6":"product_cat-camas","8":"first","9":"instock","10":"shipping-taxable","11":"product-type-simple"},"acf":[],"yoast_head":"<!-- This site is optimized with the Yoast SEO plugin v26.9 - https:\/\/yoast.com\/product\/yoast-seo-wordpress\/ -->\n<title>Erin - CasaDes\u00fas - Furniture Design Barcelona<\/title>\n<meta name=\"robots\" content=\"index, follow, max-snippet:-1, max-image-preview:large, max-video-preview:-1\" \/>\n<link rel=\"canonical\" href=\"https:\/\/www.casadesus.net\/es\/shop\/camas\/erin\/\" \/>\n<meta property=\"og:locale\" content=\"es_ES\" \/>\n<meta property=\"og:type\" content=\"article\" \/>\n<meta property=\"og:title\" content=\"Erin - CasaDes\u00fas - Furniture Design Barcelona\" \/>\n<meta property=\"og:description\" content=\"Erin se concibe como una cama de l\u00edneas puras y rectas, sin ning\u00fan tipo de solidificaci\u00f3n o de elementos superfluos. \u00danicamente presenta el detalle de cosido vertical en el centro del cabezal que le da fuerza y riqueza a su identidad. La delgadez del cabezal as\u00ed como del aro de la misma permite adaptarla a [&hellip;]\" \/>\n<meta property=\"og:url\" content=\"https:\/\/www.casadesus.net\/es\/shop\/camas\/erin\/\" \/>\n<meta property=\"og:site_name\" content=\"CasaDes\u00fas - Furniture Design Barcelona\" \/>\n<meta property=\"article:modified_time\" content=\"2026-01-28T17:10:56+00:00\" \/>\n<meta property=\"og:image\" content=\"https:\/\/www.casadesus.net\/wp-content\/uploads\/2025\/05\/ERIN-N-2.jpg\" \/>\n\t<meta property=\"og:image:width\" content=\"1500\" \/>\n\t<meta property=\"og:image:height\" content=\"500\" \/>\n\t<meta property=\"og:image:type\" content=\"image\/jpeg\" \/>\n<meta name=\"twitter:card\" content=\"summary_large_image\" \/>\n<script type=\"application\/ld+json\" class=\"yoast-schema-graph\">{\"@context\":\"https:\/\/schema.org\",\"@graph\":[{\"@type\":\"WebPage\",\"@id\":\"https:\/\/www.casadesus.net\/es\/shop\/camas\/erin\/\",\"url\":\"https:\/\/www.casadesus.net\/es\/shop\/camas\/erin\/\",\"name\":\"Erin - CasaDes\u00fas - Furniture Design Barcelona\",\"isPartOf\":{\"@id\":\"https:\/\/www.casadesus.net\/es\/#website\"},\"primaryImageOfPage\":{\"@id\":\"https:\/\/www.casadesus.net\/es\/shop\/camas\/erin\/#primaryimage\"},\"image\":{\"@id\":\"https:\/\/www.casadesus.net\/es\/shop\/camas\/erin\/#primaryimage\"},\"thumbnailUrl\":\"https:\/\/www.casadesus.net\/wp-content\/uploads\/2025\/05\/ERIN-N-2.jpg\",\"datePublished\":\"2021-05-09T15:11:09+00:00\",\"dateModified\":\"2026-01-28T17:10:56+00:00\",\"breadcrumb\":{\"@id\":\"https:\/\/www.casadesus.net\/es\/shop\/camas\/erin\/#breadcrumb\"},\"inLanguage\":\"es\",\"potentialAction\":[{\"@type\":\"ReadAction\",\"target\":[\"https:\/\/www.casadesus.net\/es\/shop\/camas\/erin\/\"]}]},{\"@type\":\"ImageObject\",\"inLanguage\":\"es\",\"@id\":\"https:\/\/www.casadesus.net\/es\/shop\/camas\/erin\/#primaryimage\",\"url\":\"https:\/\/www.casadesus.net\/wp-content\/uploads\/2025\/05\/ERIN-N-2.jpg\",\"contentUrl\":\"https:\/\/www.casadesus.net\/wp-content\/uploads\/2025\/05\/ERIN-N-2.jpg\",\"width\":1500,\"height\":500},{\"@type\":\"BreadcrumbList\",\"@id\":\"https:\/\/www.casadesus.net\/es\/shop\/camas\/erin\/#breadcrumb\",\"itemListElement\":[{\"@type\":\"ListItem\",\"position\":1,\"name\":\"Home\",\"item\":\"https:\/\/www.casadesus.net\/es\/home\/\"},{\"@type\":\"ListItem\",\"position\":2,\"name\":\"Productos\",\"item\":\"https:\/\/www.casadesus.net\/es\/shop\/\"},{\"@type\":\"ListItem\",\"position\":3,\"name\":\"Erin\"}]},{\"@type\":\"WebSite\",\"@id\":\"https:\/\/www.casadesus.net\/es\/#website\",\"url\":\"https:\/\/www.casadesus.net\/es\/\",\"name\":\"CasaDes\u00fas - Furniture Design Barcelona\",\"description\":\"Dise\u00f1o, fabricaci\u00f3n y comercializaci\u00f3n de sof\u00e1s, sillones y m\u00e1s recientemente mobiliario en general\",\"publisher\":{\"@id\":\"https:\/\/www.casadesus.net\/es\/#organization\"},\"potentialAction\":[{\"@type\":\"SearchAction\",\"target\":{\"@type\":\"EntryPoint\",\"urlTemplate\":\"https:\/\/www.casadesus.net\/es\/?s={search_term_string}\"},\"query-input\":{\"@type\":\"PropertyValueSpecification\",\"valueRequired\":true,\"valueName\":\"search_term_string\"}}],\"inLanguage\":\"es\"},{\"@type\":\"Organization\",\"@id\":\"https:\/\/www.casadesus.net\/es\/#organization\",\"name\":\"CasaDes\u00fas - Furniture Design Barcelona\",\"url\":\"https:\/\/www.casadesus.net\/es\/\",\"logo\":{\"@type\":\"ImageObject\",\"inLanguage\":\"es\",\"@id\":\"https:\/\/www.casadesus.net\/es\/#\/schema\/logo\/image\/\",\"url\":\"https:\/\/www.casadesus.net\/wp-content\/uploads\/2024\/11\/logo_casadesus_white.jpg\",\"contentUrl\":\"https:\/\/www.casadesus.net\/wp-content\/uploads\/2024\/11\/logo_casadesus_white.jpg\",\"width\":866,\"height\":99,\"caption\":\"CasaDes\u00fas - Furniture Design Barcelona\"},\"image\":{\"@id\":\"https:\/\/www.casadesus.net\/es\/#\/schema\/logo\/image\/\"}}]}<\/script>\n<!-- \/ Yoast SEO plugin. -->","yoast_head_json":{"title":"Erin - CasaDes\u00fas - Furniture Design Barcelona","robots":{"index":"index","follow":"follow","max-snippet":"max-snippet:-1","max-image-preview":"max-image-preview:large","max-video-preview":"max-video-preview:-1"},"canonical":"https:\/\/www.casadesus.net\/es\/shop\/camas\/erin\/","og_locale":"es_ES","og_type":"article","og_title":"Erin - CasaDes\u00fas - Furniture Design Barcelona","og_description":"Erin se concibe como una cama de l\u00edneas puras y rectas, sin ning\u00fan tipo de solidificaci\u00f3n o de elementos superfluos. \u00danicamente presenta el detalle de cosido vertical en el centro del cabezal que le da fuerza y riqueza a su identidad. La delgadez del cabezal as\u00ed como del aro de la misma permite adaptarla a [&hellip;]","og_url":"https:\/\/www.casadesus.net\/es\/shop\/camas\/erin\/","og_site_name":"CasaDes\u00fas - Furniture Design Barcelona","article_modified_time":"2026-01-28T17:10:56+00:00","og_image":[{"width":1500,"height":500,"url":"https:\/\/www.casadesus.net\/wp-content\/uploads\/2025\/05\/ERIN-N-2.jpg","type":"image\/jpeg"}],"twitter_card":"summary_large_image","schema":{"@context":"https:\/\/schema.org","@graph":[{"@type":"WebPage","@id":"https:\/\/www.casadesus.net\/es\/shop\/camas\/erin\/","url":"https:\/\/www.casadesus.net\/es\/shop\/camas\/erin\/","name":"Erin - CasaDes\u00fas - Furniture Design Barcelona","isPartOf":{"@id":"https:\/\/www.casadesus.net\/es\/#website"},"primaryImageOfPage":{"@id":"https:\/\/www.casadesus.net\/es\/shop\/camas\/erin\/#primaryimage"},"image":{"@id":"https:\/\/www.casadesus.net\/es\/shop\/camas\/erin\/#primaryimage"},"thumbnailUrl":"https:\/\/www.casadesus.net\/wp-content\/uploads\/2025\/05\/ERIN-N-2.jpg","datePublished":"2021-05-09T15:11:09+00:00","dateModified":"2026-01-28T17:10:56+00:00","breadcrumb":{"@id":"https:\/\/www.casadesus.net\/es\/shop\/camas\/erin\/#breadcrumb"},"inLanguage":"es","potentialAction":[{"@type":"ReadAction","target":["https:\/\/www.casadesus.net\/es\/shop\/camas\/erin\/"]}]},{"@type":"ImageObject","inLanguage":"es","@id":"https:\/\/www.casadesus.net\/es\/shop\/camas\/erin\/#primaryimage","url":"https:\/\/www.casadesus.net\/wp-content\/uploads\/2025\/05\/ERIN-N-2.jpg","contentUrl":"https:\/\/www.casadesus.net\/wp-content\/uploads\/2025\/05\/ERIN-N-2.jpg","width":1500,"height":500},{"@type":"BreadcrumbList","@id":"https:\/\/www.casadesus.net\/es\/shop\/camas\/erin\/#breadcrumb","itemListElement":[{"@type":"ListItem","position":1,"name":"Home","item":"https:\/\/www.casadesus.net\/es\/home\/"},{"@type":"ListItem","position":2,"name":"Productos","item":"https:\/\/www.casadesus.net\/es\/shop\/"},{"@type":"ListItem","position":3,"name":"Erin"}]},{"@type":"WebSite","@id":"https:\/\/www.casadesus.net\/es\/#website","url":"https:\/\/www.casadesus.net\/es\/","name":"CasaDes\u00fas - Furniture Design Barcelona","description":"Dise\u00f1o, fabricaci\u00f3n y comercializaci\u00f3n de sof\u00e1s, sillones y m\u00e1s recientemente mobiliario en general","publisher":{"@id":"https:\/\/www.casadesus.net\/es\/#organization"},"potentialAction":[{"@type":"SearchAction","target":{"@type":"EntryPoint","urlTemplate":"https:\/\/www.casadesus.net\/es\/?s={search_term_string}"},"query-input":{"@type":"PropertyValueSpecification","valueRequired":true,"valueName":"search_term_string"}}],"inLanguage":"es"},{"@type":"Organization","@id":"https:\/\/www.casadesus.net\/es\/#organization","name":"CasaDes\u00fas - Furniture Design Barcelona","url":"https:\/\/www.casadesus.net\/es\/","logo":{"@type":"ImageObject","inLanguage":"es","@id":"https:\/\/www.casadesus.net\/es\/#\/schema\/logo\/image\/","url":"https:\/\/www.casadesus.net\/wp-content\/uploads\/2024\/11\/logo_casadesus_white.jpg","contentUrl":"https:\/\/www.casadesus.net\/wp-content\/uploads\/2024\/11\/logo_casadesus_white.jpg","width":866,"height":99,"caption":"CasaDes\u00fas - Furniture Design Barcelona"},"image":{"@id":"https:\/\/www.casadesus.net\/es\/#\/schema\/logo\/image\/"}}]}},"_links":{"self":[{"href":"https:\/\/www.casadesus.net\/es\/wp-json\/wp\/v2\/product\/7735","targetHints":{"allow":["GET"]}}],"collection":[{"href":"https:\/\/www.casadesus.net\/es\/wp-json\/wp\/v2\/product"}],"about":[{"href":"https:\/\/www.casadesus.net\/es\/wp-json\/wp\/v2\/types\/product"}],"wp:featuredmedia":[{"embeddable":true,"href":"https:\/\/www.casadesus.net\/es\/wp-json\/wp\/v2\/media\/4650"}],"wp:attachment":[{"href":"https:\/\/www.casadesus.net\/es\/wp-json\/wp\/v2\/media?parent=7735"}],"wp:term":[{"taxonomy":"product_brand","embeddable":true,"href":"https:\/\/www.casadesus.net\/es\/wp-json\/wp\/v2\/product_brand?post=7735"},{"taxonomy":"product_cat","embeddable":true,"href":"https:\/\/www.casadesus.net\/es\/wp-json\/wp\/v2\/product_cat?post=7735"},{"taxonomy":"product_tag","embeddable":true,"href":"https:\/\/www.casadesus.net\/es\/wp-json\/wp\/v2\/product_tag?post=7735"}],"curies":[{"name":"wp","href":"https:\/\/api.w.org\/{rel}","templated":true}]}}

https://www.casadesus.net/shop/sin%20categoría/erin/

<p>Erin se concibe como una cama de líneas puras y rectas, sin ningún tipo de solidificación o de elementos superfluos. Únicamente presenta el detalle de cosido vertical en el centro del cabezal que le da fuerza y riqueza a su identidad. La delgadez del cabezal así como del aro de la misma permite adaptarla a los espacios más reducidos donde ciertas dimensiones son limitadas. La colección consta de dos versiones, una totalmente tapizada en el mismo material y otra que permite coordinar cualquier tejido con cualquier color de imitación piel en la faja exterior.<br />Sus elegantes patas la le confieren un marcado carácter liviano que no hace más que reforzar su pulido carácter. Así mismo, Erin presenta un cabezal de altura superior a un metro, ello permite incluso la colocación de colchones de espesor superior a treinta centímetros     </p>

<p>Erin se concibe como una cama de líneas puras y rectas, sin ningún tipo de solidificación o de elementos superfluos. Únicamente presenta el detalle de cosido vertical en el centro del cabezal que le da fuerza y riqueza a su identidad. La delgadez del cabezal así como del aro de la misma permite adaptarla a [&hellip;]</p>

<!-- This site is optimized with the Yoast SEO plugin v26.9 - https://yoast.com/product/yoast-seo-wordpress/ -->
<title>Erin - CasaDesús - Furniture Design Barcelona</title>
<meta name="robots" content="index, follow, max-snippet:-1, max-image-preview:large, max-video-preview:-1" />
<link rel="canonical" href="https://www.casadesus.net/es/shop/camas/erin/" />
<meta property="og:locale" content="es_ES" />
<meta property="og:type" content="article" />
<meta property="og:title" content="Erin - CasaDesús - Furniture Design Barcelona" />
<meta property="og:description" content="Erin se concibe como una cama de líneas puras y rectas, sin ningún tipo de solidificación o de elementos superfluos. Únicamente presenta el detalle de cosido vertical en el centro del cabezal que le da fuerza y riqueza a su identidad. La delgadez del cabezal así como del aro de la misma permite adaptarla a [&hellip;]" />
<meta property="og:url" content="https://www.casadesus.net/es/shop/camas/erin/" />
<meta property="og:site_name" content="CasaDesús - Furniture Design Barcelona" />
<meta property="article:modified_time" content="2026-01-28T17:10:56+00:00" />
<meta property="og:image" content="https://www.casadesus.net/wp-content/uploads/2025/05/ERIN-N-2.jpg" />
	<meta property="og:image:width" content="1500" />
	<meta property="og:image:height" content="500" />
	<meta property="og:image:type" content="image/jpeg" />
<meta name="twitter:card" content="summary_large_image" />
<script type="application/ld+json" class="yoast-schema-graph">{"@context":"https://schema.org","@graph":[{"@type":"WebPage","@id":"https://www.casadesus.net/es/shop/camas/erin/","url":"https://www.casadesus.net/es/shop/camas/erin/","name":"Erin - CasaDesús - Furniture Design Barcelona","isPartOf":{"@id":"https://www.casadesus.net/es/#website"},"primaryImageOfPage":{"@id":"https://www.casadesus.net/es/shop/camas/erin/#primaryimage"},"image":{"@id":"https://www.casadesus.net/es/shop/camas/erin/#primaryimage"},"thumbnailUrl":"https://www.casadesus.net/wp-content/uploads/2025/05/ERIN-N-2.jpg","datePublished":"2021-05-09T15:11:09+00:00","dateModified":"2026-01-28T17:10:56+00:00","breadcrumb":{"@id":"https://www.casadesus.net/es/shop/camas/erin/#breadcrumb"},"inLanguage":"es","potentialAction":[{"@type":"ReadAction","target":["https://www.casadesus.net/es/shop/camas/erin/"]}]},{"@type":"ImageObject","inLanguage":"es","@id":"https://www.casadesus.net/es/shop/camas/erin/#primaryimage","url":"https://www.casadesus.net/wp-content/uploads/2025/05/ERIN-N-2.jpg","contentUrl":"https://www.casadesus.net/wp-content/uploads/2025/05/ERIN-N-2.jpg","width":1500,"height":500},{"@type":"BreadcrumbList","@id":"https://www.casadesus.net/es/shop/camas/erin/#breadcrumb","itemListElement":[{"@type":"ListItem","position":1,"name":"Home","item":"https://www.casadesus.net/es/home/"},{"@type":"ListItem","position":2,"name":"Productos","item":"https://www.casadesus.net/es/shop/"},{"@type":"ListItem","position":3,"name":"Erin"}]},{"@type":"WebSite","@id":"https://www.casadesus.net/es/#website","url":"https://www.casadesus.net/es/","name":"CasaDesús - Furniture Design Barcelona","description":"Diseño, fabricación y comercialización de sofás, sillones y más recientemente mobiliario en general","publisher":{"@id":"https://www.casadesus.net/es/#organization"},"potentialAction":[{"@type":"SearchAction","target":{"@type":"EntryPoint","urlTemplate":"https://www.casadesus.net/es/?s={search_term_string}"},"query-input":{"@type":"PropertyValueSpecification","valueRequired":true,"valueName":"search_term_string"}}],"inLanguage":"es"},{"@type":"Organization","@id":"https://www.casadesus.net/es/#organization","name":"CasaDesús - Furniture Design Barcelona","url":"https://www.casadesus.net/es/","logo":{"@type":"ImageObject","inLanguage":"es","@id":"https://www.casadesus.net/es/#/schema/logo/image/","url":"https://www.casadesus.net/wp-content/uploads/2024/11/logo_casadesus_white.jpg","contentUrl":"https://www.casadesus.net/wp-content/uploads/2024/11/logo_casadesus_white.jpg","width":866,"height":99,"caption":"CasaDesús - Furniture Design Barcelona"},"image":{"@id":"https://www.casadesus.net/es/#/schema/logo/image/"}}]}</script>
<!-- / Yoast SEO plugin. -->

Erin - CasaDesús - Furniture Design Barcelona

Erin se concibe como una cama de líneas puras y rectas, sin ningún tipo de solidificación o de elementos superfluos. Únicamente presenta el detalle de cosido vertical en el centro del cabezal que le da fuerza y riqueza a su identidad. La delgadez del cabezal así como del aro de la misma permite adaptarla a [&hellip;]

CasaDesús - Furniture Design Barcelona

Diseño, fabricación y comercialización de sofás, sillones y más recientemente mobiliario en general
